{"id":1275,"date":"2024-11-15T09:37:01","date_gmt":"2024-11-15T08:37:01","guid":{"rendered":"https:\/\/energieberatung-seeland.ch\/?page_id=1275"},"modified":"2024-11-15T09:37:05","modified_gmt":"2024-11-15T08:37:05","slug":"energie-und-klimatalk-energiestrategie-2035","status":"publish","type":"page","link":"https:\/\/energieberatung-seeland.ch\/de_de\/energie-und-klimatalk-energiestrategie-2035\/","title":{"rendered":"Energie- und Klimatalk: Energiestrategie 2035"},"content":{"rendered":"\n<p>Am 11. November 2024 fand der zehnte und letzte Energie- und Klimatalk (EKT) des Jahres 2024 statt &#8211; dieses Mal im Berner Rathaus. Moderiert wurde der EKT von Sonja Hasler, die die zahlreich erschienenen G\u00e4ste durch den Abend f\u00fchrte. <\/p>\n\n\n\n<figure class=\"wp-block-image size-large\"><img fetchpriority=\"high\" decoding=\"async\" width=\"1024\" height=\"768\" src=\"https:\/\/energieberatung-seeland.ch\/wp-content\/uploads\/2024\/11\/20241111_173617-1024x768.jpg\" alt=\"\" class=\"wp-image-1276\" srcset=\"https:\/\/energieberatung-seeland.ch\/wp-content\/uploads\/2024\/11\/20241111_173617-1024x768.jpg 1024w, https:\/\/energieberatung-seeland.ch\/wp-content\/uploads\/2024\/11\/20241111_173617-300x225.jpg 300w, https:\/\/energieberatung-seeland.ch\/wp-content\/uploads\/2024\/11\/20241111_173617-768x576.jpg 768w, https:\/\/energieberatung-seeland.ch\/wp-content\/uploads\/2024\/11\/20241111_173617-1536x1152.jpg 1536w, https:\/\/energieberatung-seeland.ch\/wp-content\/uploads\/2024\/11\/20241111_173617-2048x1536.jpg 2048w, https:\/\/energieberatung-seeland.ch\/wp-content\/uploads\/2024\/11\/20241111_173617-16x12.jpg 16w\" sizes=\"(max-width: 1024px) 100vw, 1024px\" \/><\/figure>\n\n\n\n<p>Die Vortr\u00e4ge des Abends k\u00f6nnen alle <a href=\"https:\/\/www.weu.be.ch\/de\/start\/themen\/energie\/energie-klima-talk\/ekt24-energiestrategie.html\" target=\"_blank\" rel=\"noreferrer noopener\">hier <\/a>eingesehen werden. <\/p>\n\n\n\n<p>Es wurden die folgenden 5 spannenden Referate gehalten:<\/p>\n\n\n\n<ul class=\"wp-block-list\">\n<li>Referat<em> &#8222;Energiestrategie 2035 &#8211; wo stehen wir?&#8220; <\/em>vom Regierungsrat Christoph Ammann, Wirtschafts- und Umweltdirektor Kanton Bern<\/li>\n\n\n\n<li>Referat <em>&#8222;Wie schaffen wir die Energiewende?&#8220;<\/em> von Noah Heynen, CEO von Helion AG<\/li>\n\n\n\n<li>Referat <em>&#8222;Mit erneuerbarer W\u00e4rme, Wasserkraft und Solar in die Energiezukunft&#8220;<\/em> von Cornelia Mellenberger, CEO der EWB<\/li>\n\n\n\n<li>Referat <em>&#8222;Aktuelle Arbeiten in der Energiepolitik&#8220;<\/em> von Patrick Kutschera, Vizedirektor, Leiter der Abteilung Energieeffizienz und erneuerbare Energien Bundesamt f\u00fcr Energie<\/li>\n\n\n\n<li>Referat <em>&#8222;PowerTower: So geht uns der Strom auch 2035 nicht aus&#8220;<\/em> von Patrick Hofstetter, Klima und Energieexperte, WWF Schweiz<\/li>\n<\/ul>\n\n\n\n<p>Im Anschluss zu den pr\u00e4sentierten Inhalten gab es eine Podiumsdiskussion, bei der Fragen aus dem Publikum an die Referierenden gestellt werden konnten. Die Themen trafen auf reges Interesse und es wurden viele Fragen gestellt, wobei auch kritische dabei waren. <\/p>\n\n\n\n<p>Abgerundet wurde der Abend bei einem gemeinsamen Ap\u00e9ro, das vom Kanton Bern zur Verf\u00fcgung gestellt wurde. Dort konnte auch gleich der von Patrick Hofstetter vorgestellte &#8222;PowerTower&#8220; des WWF ausprobiert werden.<\/p>\n\n\n\n<div class=\"wp-block-uagb-advanced-heading uagb-block-62d8757d\"><h2 class=\"uagb-heading-text\">Die n\u00e4chsten Energie- und Klimatalks<\/h2><\/div>\n\n\n\n<p><\/p>\n\n\n\n<p>F\u00fcr das Jahr 2024 war dies der letzte Energie- und Klimatalk. Doch auch im Jahr 2025 sind zahlreiche EKT geplant. Informieren Sie sich <a href=\"https:\/\/www.weu.be.ch\/de\/start\/themen\/energie\/energie-klima-talk.html\" target=\"_blank\" rel=\"noreferrer noopener\">hier <\/a>f\u00fcr zuk\u00fcnftige Events.<\/p>\n\n\n\n<p><\/p>\n\n\n\n<p><\/p>\n\n\n\n<p><\/p>\n","protected":false},"excerpt":{"rendered":"<p>Am 11. November 2024 fand der zehnte und letzte Energie- und Klimatalk (EKT) des Jahres 2024 statt &#8211; dieses Mal im Berner Rathaus. Moderiert wurde der EKT von Sonja Hasler, die die zahlreich erschienenen G\u00e4ste durch den Abend f\u00fchrte. Die Vortr\u00e4ge des Abends k\u00f6nnen alle hier eingesehen werden. Es wurden die folgenden 5 spannenden Referate [&hellip;]<\/p>\n","protected":false},"author":2,"featured_media":0,"parent":0,"menu_order":0,"comment_status":"closed","ping_status":"closed","template":"","meta":{"_uag_custom_page_level_css":"","site-sidebar-layout":"default","site-content-layout":"","ast-site-content-layout":"default","site-content-style":"default","site-sidebar-style":"default","ast-global-header-display":"","ast-banner-title-visibility":"","ast-main-header-display":"","ast-hfb-above-header-display":"","ast-hfb-below-header-display":"","ast-hfb-mobile-header-display":"","site-post-title":"","ast-breadcrumbs-content":"","ast-featured-img":"","footer-sml-layout":"","ast-disable-related-posts":"","theme-transparent-header-meta":"","adv-header-id-meta":"","stick-header-meta":"","header-above-stick-meta":"","header-main-stick-meta":"","header-below-stick-meta":"","astra-migrate-meta-layouts":"set","ast-page-background-enabled":"default","ast-page-background-meta":{"desktop":{"background-color":"var(--ast-global-color-4)","background-image":"","background-repeat":"repeat","background-position":"center center","background-size":"auto","background-attachment":"scroll","background-type":"","background-media":"","overlay-type":"","overlay-color":"","overlay-opacity":"","overlay-gradient":""},"tablet":{"background-color":"","background-image":"","background-repeat":"repeat","background-position":"center center","background-size":"auto","background-attachment":"scroll","background-type":"","background-media":"","overlay-type":"","overlay-color":"","overlay-opacity":"","overlay-gradient":""},"mobile":{"background-color":"","background-image":"","background-repeat":"repeat","background-position":"center center","background-size":"auto","background-attachment":"scroll","background-type":"","background-media":"","overlay-type":"","overlay-color":"","overlay-opacity":"","overlay-gradient":""}},"ast-content-background-meta":{"desktop":{"background-color":"var(--ast-global-color-5)","background-image":"","background-repeat":"repeat","background-position":"center center","background-size":"auto","background-attachment":"scroll","background-type":"","background-media":"","overlay-type":"","overlay-color":"","overlay-opacity":"","overlay-gradient":""},"tablet":{"background-color":"var(--ast-global-color-5)","background-image":"","background-repeat":"repeat","background-position":"center center","background-size":"auto","background-attachment":"scroll","background-type":"","background-media":"","overlay-type":"","overlay-color":"","overlay-opacity":"","overlay-gradient":""},"mobile":{"background-color":"var(--ast-global-color-5)","background-image":"","background-repeat":"repeat","background-position":"center center","background-size":"auto","background-attachment":"scroll","background-type":"","background-media":"","overlay-type":"","overlay-color":"","overlay-opacity":"","overlay-gradient":""}},"footnotes":""},"class_list":["post-1275","page","type-page","status-publish","hentry"],"uagb_featured_image_src":{"full":false,"thumbnail":false,"medium":false,"medium_large":false,"large":false,"1536x1536":false,"2048x2048":false,"trp-custom-language-flag":false},"uagb_author_info":{"display_name":"Beat Bachmann","author_link":"https:\/\/energieberatung-seeland.ch\/de_de\/author\/lehnherre\/"},"uagb_comment_info":0,"uagb_excerpt":"Am 11. November 2024 fand der zehnte und letzte Energie- und Klimatalk (EKT) des Jahres 2024 statt &#8211; dieses Mal im Berner Rathaus. Moderiert wurde der EKT von Sonja Hasler, die die zahlreich erschienenen G\u00e4ste durch den Abend f\u00fchrte. Die Vortr\u00e4ge des Abends k\u00f6nnen alle hier eingesehen werden. Es wurden die folgenden 5 spannenden Referate&hellip;","_links":{"self":[{"href":"https:\/\/energieberatung-seeland.ch\/de_de\/wp-json\/wp\/v2\/pages\/1275","targetHints":{"allow":["GET"]}}],"collection":[{"href":"https:\/\/energieberatung-seeland.ch\/de_de\/wp-json\/wp\/v2\/pages"}],"about":[{"href":"https:\/\/energieberatung-seeland.ch\/de_de\/wp-json\/wp\/v2\/types\/page"}],"author":[{"embeddable":true,"href":"https:\/\/energieberatung-seeland.ch\/de_de\/wp-json\/wp\/v2\/users\/2"}],"replies":[{"embeddable":true,"href":"https:\/\/energieberatung-seeland.ch\/de_de\/wp-json\/wp\/v2\/comments?post=1275"}],"version-history":[{"count":1,"href":"https:\/\/energieberatung-seeland.ch\/de_de\/wp-json\/wp\/v2\/pages\/1275\/revisions"}],"predecessor-version":[{"id":1278,"href":"https:\/\/energieberatung-seeland.ch\/de_de\/wp-json\/wp\/v2\/pages\/1275\/revisions\/1278"}],"wp:attachment":[{"href":"https:\/\/energieberatung-seeland.ch\/de_de\/wp-json\/wp\/v2\/media?parent=1275"}],"curies":[{"name":"wp","href":"https:\/\/api.w.org\/{rel}","templated":true}]}}

<p>Am 11. November 2024 fand der zehnte und letzte Energie- und Klimatalk (EKT) des Jahres 2024 statt &#8211; dieses Mal im Berner Rathaus. Moderiert wurde der EKT von Sonja Hasler, die die zahlreich erschienenen Gäste durch den Abend führte. </p>



<figure class="wp-block-image size-large"><img fetchpriority="high" decoding="async" width="1024" height="768" src="https://energieberatung-seeland.ch/wp-content/uploads/2024/11/20241111_173617-1024x768.jpg" alt="" class="wp-image-1276" srcset="https://energieberatung-seeland.ch/wp-content/uploads/2024/11/20241111_173617-1024x768.jpg 1024w, https://energieberatung-seeland.ch/wp-content/uploads/2024/11/20241111_173617-300x225.jpg 300w, https://energieberatung-seeland.ch/wp-content/uploads/2024/11/20241111_173617-768x576.jpg 768w, https://energieberatung-seeland.ch/wp-content/uploads/2024/11/20241111_173617-1536x1152.jpg 1536w, https://energieberatung-seeland.ch/wp-content/uploads/2024/11/20241111_173617-2048x1536.jpg 2048w, https://energieberatung-seeland.ch/wp-content/uploads/2024/11/20241111_173617-16x12.jpg 16w" sizes="(max-width: 1024px) 100vw, 1024px" /></figure>



<p>Die Vorträge des Abends können alle <a href="https://www.weu.be.ch/de/start/themen/energie/energie-klima-talk/ekt24-energiestrategie.html" target="_blank" rel="noreferrer noopener">hier </a>eingesehen werden. </p>



<p>Es wurden die folgenden 5 spannenden Referate gehalten:</p>



<ul class="wp-block-list">
<li>Referat<em> &#8222;Energiestrategie 2035 &#8211; wo stehen wir?&#8220; </em>vom Regierungsrat Christoph Ammann, Wirtschafts- und Umweltdirektor Kanton Bern</li>



<li>Referat <em>&#8222;Wie schaffen wir die Energiewende?&#8220;</em> von Noah Heynen, CEO von Helion AG</li>



<li>Referat <em>&#8222;Mit erneuerbarer Wärme, Wasserkraft und Solar in die Energiezukunft&#8220;</em> von Cornelia Mellenberger, CEO der EWB</li>



<li>Referat <em>&#8222;Aktuelle Arbeiten in der Energiepolitik&#8220;</em> von Patrick Kutschera, Vizedirektor, Leiter der Abteilung Energieeffizienz und erneuerbare Energien Bundesamt für Energie</li>



<li>Referat <em>&#8222;PowerTower: So geht uns der Strom auch 2035 nicht aus&#8220;</em> von Patrick Hofstetter, Klima und Energieexperte, WWF Schweiz</li>
</ul>



<p>Im Anschluss zu den präsentierten Inhalten gab es eine Podiumsdiskussion, bei der Fragen aus dem Publikum an die Referierenden gestellt werden konnten. Die Themen trafen auf reges Interesse und es wurden viele Fragen gestellt, wobei auch kritische dabei waren. </p>



<p>Abgerundet wurde der Abend bei einem gemeinsamen Apéro, das vom Kanton Bern zur Verfügung gestellt wurde. Dort konnte auch gleich der von Patrick Hofstetter vorgestellte &#8222;PowerTower&#8220; des WWF ausprobiert werden.</p>



<div class="wp-block-uagb-advanced-heading uagb-block-62d8757d"><h2 class="uagb-heading-text">Die nächsten Energie- und Klimatalks</h2></div>



<p></p>



<p>Für das Jahr 2024 war dies der letzte Energie- und Klimatalk. Doch auch im Jahr 2025 sind zahlreiche EKT geplant. Informieren Sie sich <a href="https://www.weu.be.ch/de/start/themen/energie/energie-klima-talk.html" target="_blank" rel="noreferrer noopener">hier </a>für zukünftige Events.</p>



<p></p>



<p></p>



<p></p>

<p>Am 11. November 2024 fand der zehnte und letzte Energie- und Klimatalk (EKT) des Jahres 2024 statt &#8211; dieses Mal im Berner Rathaus. Moderiert wurde der EKT von Sonja Hasler, die die zahlreich erschienenen Gäste durch den Abend führte. Die Vorträge des Abends können alle hier eingesehen werden. Es wurden die folgenden 5 spannenden Referate [&hellip;]</p>

Am 11. November 2024 fand der zehnte und letzte Energie- und Klimatalk (EKT) des Jahres 2024 statt &#8211; dieses Mal im Berner Rathaus. Moderiert wurde der EKT von Sonja Hasler, die die zahlreich erschienenen Gäste durch den Abend führte. Die Vorträge des Abends können alle hier eingesehen werden. Es wurden die folgenden 5 spannenden Referate&hellip;
