{"id":1428,"date":"2025-01-13T07:40:05","date_gmt":"2025-01-13T06:40:05","guid":{"rendered":"https:\/\/energieberatung-seeland.ch\/?page_id=1428"},"modified":"2025-01-16T08:03:32","modified_gmt":"2025-01-16T07:03:32","slug":"anlass-energiesparen-hilft-der-umwelt-und-dem-portmonee","status":"publish","type":"page","link":"https:\/\/energieberatung-seeland.ch\/de_de\/anlass-energiesparen-hilft-der-umwelt-und-dem-portmonee\/","title":{"rendered":"Anlass &#8222;Energiesparen hilft der Umwelt und dem Portmonee&#8220;"},"content":{"rendered":"\n<p>Die drei SP-Sektionen Studen, Aegerten und Br\u00fcgg haben in Zusammenarbeit mit der Energieberatung Seeland einen Anlass zum gemeinsamen Energiesparen f\u00fcr Sie vorbereitet:<\/p>\n\n\n\n<p><strong>Wann: Mittwoch, 5. Februar, 19 Uhr<br>Wo: Mehrzweckhalle in Studen<\/strong><\/p>\n\n\n\n<p>Der Anlass ist \u00f6ffentlich und die Teilnahme ist kostenlos.<\/p>\n\n\n\n<p>Strom sparen und damit die Umwelt und das eigene Portmonee schonen \u2013 darum geht es Anfang Februar an einem Anlass mit der Energieberatung Seeland, den die drei SP-Sektionen aus Studen, Aegerten und Br\u00fcgg gemeinsam organisieren. Mit dem Zusammenspannen wollen die Ortsparteien auch ihre Kr\u00e4fte b\u00fcndeln.<\/p>\n\n\n\n<div data-wp-interactive=\"core\/file\" class=\"wp-block-file alignleft\"><object data-wp-bind--hidden=\"!state.hasPdfPreview\" hidden class=\"wp-block-file__embed\" data=\"https:\/\/energieberatung-seeland.ch\/wp-content\/uploads\/2025\/01\/Flyer_Gemeinsam_Energiesparen.pdf\" type=\"application\/pdf\" style=\"width:100%;height:870px\" aria-label=\"Einbettung von Flyer_Gemeinsam_Energiesparen.\"><\/object><a id=\"wp-block-file--media-fecf4ff3-98db-4497-9c95-86fdbadeb9a1\" href=\"https:\/\/energieberatung-seeland.ch\/wp-content\/uploads\/2025\/01\/Flyer_Gemeinsam_Energiesparen.pdf\">Flyer_Gemeinsam_Energiesparen<\/a><a href=\"https:\/\/energieberatung-seeland.ch\/wp-content\/uploads\/2025\/01\/Flyer_Gemeinsam_Energiesparen.pdf\" class=\"wp-block-file__button wp-element-button\" download aria-describedby=\"wp-block-file--media-fecf4ff3-98db-4497-9c95-86fdbadeb9a1\">Herunterladen<\/a><\/div>\n\n\n\n<p><\/p>\n","protected":false},"excerpt":{"rendered":"<p>Die drei SP-Sektionen Studen, Aegerten und Br\u00fcgg haben in Zusammenarbeit mit der Energieberatung Seeland einen Anlass zum gemeinsamen Energiesparen f\u00fcr Sie vorbereitet: Wann: Mittwoch, 5. Februar, 19 UhrWo: Mehrzweckhalle in Studen Der Anlass ist \u00f6ffentlich und die Teilnahme ist kostenlos. Strom sparen und damit die Umwelt und das eigene Portmonee schonen \u2013 darum geht es [&hellip;]<\/p>\n","protected":false},"author":2,"featured_media":0,"parent":0,"menu_order":0,"comment_status":"closed","ping_status":"closed","template":"","meta":{"_uag_custom_page_level_css":"","site-sidebar-layout":"default","site-content-layout":"","ast-site-content-layout":"default","site-content-style":"default","site-sidebar-style":"default","ast-global-header-display":"","ast-banner-title-visibility":"","ast-main-header-display":"","ast-hfb-above-header-display":"","ast-hfb-below-header-display":"","ast-hfb-mobile-header-display":"","site-post-title":"","ast-breadcrumbs-content":"","ast-featured-img":"","footer-sml-layout":"","ast-disable-related-posts":"","theme-transparent-header-meta":"","adv-header-id-meta":"","stick-header-meta":"","header-above-stick-meta":"","header-main-stick-meta":"","header-below-stick-meta":"","astra-migrate-meta-layouts":"set","ast-page-background-enabled":"default","ast-page-background-meta":{"desktop":{"background-color":"var(--ast-global-color-4)","background-image":"","background-repeat":"repeat","background-position":"center center","background-size":"auto","background-attachment":"scroll","background-type":"","background-media":"","overlay-type":"","overlay-color":"","overlay-opacity":"","overlay-gradient":""},"tablet":{"background-color":"","background-image":"","background-repeat":"repeat","background-position":"center center","background-size":"auto","background-attachment":"scroll","background-type":"","background-media":"","overlay-type":"","overlay-color":"","overlay-opacity":"","overlay-gradient":""},"mobile":{"background-color":"","background-image":"","background-repeat":"repeat","background-position":"center center","background-size":"auto","background-attachment":"scroll","background-type":"","background-media":"","overlay-type":"","overlay-color":"","overlay-opacity":"","overlay-gradient":""}},"ast-content-background-meta":{"desktop":{"background-color":"var(--ast-global-color-5)","background-image":"","background-repeat":"repeat","background-position":"center center","background-size":"auto","background-attachment":"scroll","background-type":"","background-media":"","overlay-type":"","overlay-color":"","overlay-opacity":"","overlay-gradient":""},"tablet":{"background-color":"var(--ast-global-color-5)","background-image":"","background-repeat":"repeat","background-position":"center center","background-size":"auto","background-attachment":"scroll","background-type":"","background-media":"","overlay-type":"","overlay-color":"","overlay-opacity":"","overlay-gradient":""},"mobile":{"background-color":"var(--ast-global-color-5)","background-image":"","background-repeat":"repeat","background-position":"center center","background-size":"auto","background-attachment":"scroll","background-type":"","background-media":"","overlay-type":"","overlay-color":"","overlay-opacity":"","overlay-gradient":""}},"footnotes":""},"class_list":["post-1428","page","type-page","status-publish","hentry"],"uagb_featured_image_src":{"full":false,"thumbnail":false,"medium":false,"medium_large":false,"large":false,"1536x1536":false,"2048x2048":false,"trp-custom-language-flag":false},"uagb_author_info":{"display_name":"Beat Bachmann","author_link":"https:\/\/energieberatung-seeland.ch\/de_de\/author\/lehnherre\/"},"uagb_comment_info":0,"uagb_excerpt":"Die drei SP-Sektionen Studen, Aegerten und Br\u00fcgg haben in Zusammenarbeit mit der Energieberatung Seeland einen Anlass zum gemeinsamen Energiesparen f\u00fcr Sie vorbereitet: Wann: Mittwoch, 5. Februar, 19 UhrWo: Mehrzweckhalle in Studen Der Anlass ist \u00f6ffentlich und die Teilnahme ist kostenlos. Strom sparen und damit die Umwelt und das eigene Portmonee schonen \u2013 darum geht es&hellip;","_links":{"self":[{"href":"https:\/\/energieberatung-seeland.ch\/de_de\/wp-json\/wp\/v2\/pages\/1428","targetHints":{"allow":["GET"]}}],"collection":[{"href":"https:\/\/energieberatung-seeland.ch\/de_de\/wp-json\/wp\/v2\/pages"}],"about":[{"href":"https:\/\/energieberatung-seeland.ch\/de_de\/wp-json\/wp\/v2\/types\/page"}],"author":[{"embeddable":true,"href":"https:\/\/energieberatung-seeland.ch\/de_de\/wp-json\/wp\/v2\/users\/2"}],"replies":[{"embeddable":true,"href":"https:\/\/energieberatung-seeland.ch\/de_de\/wp-json\/wp\/v2\/comments?post=1428"}],"version-history":[{"count":2,"href":"https:\/\/energieberatung-seeland.ch\/de_de\/wp-json\/wp\/v2\/pages\/1428\/revisions"}],"predecessor-version":[{"id":1440,"href":"https:\/\/energieberatung-seeland.ch\/de_de\/wp-json\/wp\/v2\/pages\/1428\/revisions\/1440"}],"wp:attachment":[{"href":"https:\/\/energieberatung-seeland.ch\/de_de\/wp-json\/wp\/v2\/media?parent=1428"}],"curies":[{"name":"wp","href":"https:\/\/api.w.org\/{rel}","templated":true}]}}

<p>Die drei SP-Sektionen Studen, Aegerten und Brügg haben in Zusammenarbeit mit der Energieberatung Seeland einen Anlass zum gemeinsamen Energiesparen für Sie vorbereitet:</p>



<p><strong>Wann: Mittwoch, 5. Februar, 19 Uhr<br>Wo: Mehrzweckhalle in Studen</strong></p>



<p>Der Anlass ist öffentlich und die Teilnahme ist kostenlos.</p>



<p>Strom sparen und damit die Umwelt und das eigene Portmonee schonen – darum geht es Anfang Februar an einem Anlass mit der Energieberatung Seeland, den die drei SP-Sektionen aus Studen, Aegerten und Brügg gemeinsam organisieren. Mit dem Zusammenspannen wollen die Ortsparteien auch ihre Kräfte bündeln.</p>



<div data-wp-interactive="core/file" class="wp-block-file alignleft"><object data-wp-bind--hidden="!state.hasPdfPreview" hidden class="wp-block-file__embed" data="https://energieberatung-seeland.ch/wp-content/uploads/2025/01/Flyer_Gemeinsam_Energiesparen.pdf" type="application/pdf" style="width:100%;height:870px" aria-label="Einbettung von Flyer_Gemeinsam_Energiesparen."></object><a id="wp-block-file--media-fecf4ff3-98db-4497-9c95-86fdbadeb9a1" href="https://energieberatung-seeland.ch/wp-content/uploads/2025/01/Flyer_Gemeinsam_Energiesparen.pdf">Flyer_Gemeinsam_Energiesparen</a><a href="https://energieberatung-seeland.ch/wp-content/uploads/2025/01/Flyer_Gemeinsam_Energiesparen.pdf" class="wp-block-file__button wp-element-button" download aria-describedby="wp-block-file--media-fecf4ff3-98db-4497-9c95-86fdbadeb9a1">Herunterladen</a></div>



<p></p>

<p>Die drei SP-Sektionen Studen, Aegerten und Brügg haben in Zusammenarbeit mit der Energieberatung Seeland einen Anlass zum gemeinsamen Energiesparen für Sie vorbereitet: Wann: Mittwoch, 5. Februar, 19 UhrWo: Mehrzweckhalle in Studen Der Anlass ist öffentlich und die Teilnahme ist kostenlos. Strom sparen und damit die Umwelt und das eigene Portmonee schonen – darum geht es [&hellip;]</p>

Die drei SP-Sektionen Studen, Aegerten und Brügg haben in Zusammenarbeit mit der Energieberatung Seeland einen Anlass zum gemeinsamen Energiesparen für Sie vorbereitet: Wann: Mittwoch, 5. Februar, 19 UhrWo: Mehrzweckhalle in Studen Der Anlass ist öffentlich und die Teilnahme ist kostenlos. Strom sparen und damit die Umwelt und das eigene Portmonee schonen – darum geht es&hellip;
