{"id":1580,"date":"2025-03-24T13:11:08","date_gmt":"2025-03-24T12:11:08","guid":{"rendered":"https:\/\/energieberatung-seeland.ch\/?page_id=1580"},"modified":"2025-03-27T14:37:32","modified_gmt":"2025-03-27T13:37:32","slug":"energie-und-klimatalks","status":"publish","type":"page","link":"https:\/\/energieberatung-seeland.ch\/de_de\/energie-und-klimatalks\/","title":{"rendered":"Energie- und Klimatalks"},"content":{"rendered":"\n<p><strong>Mit der Veranstaltungsreihe Energie- und Klima-Talks (EKT) sucht das Amt f\u00fcr Umwelt und Energie den direkten Kontakt zu den Gemeinden und der Bev\u00f6lkerung.<\/strong><\/p>\n\n\n\n<p>Die Themenpallette hat sich seit Beginn der EKTs zunehmend ge\u00f6ffnet und bietet viel Wissenswertes in den Bereichen Energiewende und Klimaneutralit\u00e4t. Die Informationen sollen alle unterst\u00fctzen, von Wohneigent\u00fcmerin und -eigent\u00fcmer, bis zu Touristinnen und Touristen.<\/p>\n\n\n\n<p>\u00abDie M\u00f6glichkeiten und Technologien sind da. Wichtig ist, dass wir das Wissen verbreiten und gemeinsam anwenden und nutzen\u00bb, sagt Ulrich Nyffenegger, Vorsteher des Amts f\u00fcr Umwelt und Energie (AUE). <\/p>\n\n\n\n<p>Die Veranstaltungsreihe findet jeweils in unterschiedlichen Gemeinden des Kantons statt &#8211; unter anderem in den Seel\u00e4nder Gemeinden. Wann und wo welche Veranstaltung stattfindet, sehen Sie <a href=\"https:\/\/www.weu.be.ch\/de\/start\/themen\/energie\/energie-klima-talk.html\" target=\"_blank\" rel=\"noreferrer noopener\">hier<\/a>. <\/p>\n\n\n\n<p>Die kostenlosen Veranstaltungen k\u00f6nnen jeweils vor Ort als auch online besucht werden. Die Aufzeichnungen der Vortr\u00e4ge und die Pr\u00e4sentationen selbst werden im Nachgang online zur Verf\u00fcgung gestellt &#8211; diese finden Sie <a href=\"https:\/\/www.weu.be.ch\/de\/start\/themen\/energie\/energie-klima-talk\/energie-klima-talk-2024.html\" target=\"_blank\" rel=\"noreferrer noopener\">hier<\/a>. <\/p>\n\n\n\n<div class=\"wp-block-uagb-image uagb-block-7a16bac7 wp-block-uagb-image--layout-default wp-block-uagb-image--effect-static wp-block-uagb-image--align-none\"><figure class=\"wp-block-uagb-image__figure\"><img loading=\"lazy\" decoding=\"async\" srcset=\"https:\/\/energieberatung-seeland.ch\/wp-content\/uploads\/2025\/03\/aue-ekt-Banner_2023.avif ,https:\/\/energieberatung-seeland.ch\/wp-content\/uploads\/2025\/03\/aue-ekt-Banner_2023.avif 780w, https:\/\/energieberatung-seeland.ch\/wp-content\/uploads\/2025\/03\/aue-ekt-Banner_2023.avif 360w\" sizes=\"auto, (max-width: 480px) 150px\" src=\"https:\/\/energieberatung-seeland.ch\/wp-content\/uploads\/2025\/03\/aue-ekt-Banner_2023.avif\" alt=\"\" class=\"uag-image-1582\" width=\"927\" height=\"439\" title=\"aue-ekt-Banner_2023\" loading=\"lazy\" role=\"img\"\/><\/figure><\/div>\n\n\n\n<p><\/p>\n","protected":false},"excerpt":{"rendered":"<p>Mit der Veranstaltungsreihe Energie- und Klima-Talks (EKT) sucht das Amt f\u00fcr Umwelt und Energie den direkten Kontakt zu den Gemeinden und der Bev\u00f6lkerung. Die Themenpallette hat sich seit Beginn der EKTs zunehmend ge\u00f6ffnet und bietet viel Wissenswertes in den Bereichen Energiewende und Klimaneutralit\u00e4t. Die Informationen sollen alle unterst\u00fctzen, von Wohneigent\u00fcmerin und -eigent\u00fcmer, bis zu Touristinnen [&hellip;]<\/p>\n","protected":false},"author":2,"featured_media":0,"parent":0,"menu_order":0,"comment_status":"closed","ping_status":"closed","template":"","meta":{"_uag_custom_page_level_css":"","site-sidebar-layout":"default","site-content-layout":"","ast-site-content-layout":"default","site-content-style":"default","site-sidebar-style":"default","ast-global-header-display":"","ast-banner-title-visibility":"","ast-main-header-display":"","ast-hfb-above-header-display":"","ast-hfb-below-header-display":"","ast-hfb-mobile-header-display":"","site-post-title":"","ast-breadcrumbs-content":"","ast-featured-img":"","footer-sml-layout":"","ast-disable-related-posts":"","theme-transparent-header-meta":"","adv-header-id-meta":"","stick-header-meta":"","header-above-stick-meta":"","header-main-stick-meta":"","header-below-stick-meta":"","astra-migrate-meta-layouts":"set","ast-page-background-enabled":"default","ast-page-background-meta":{"desktop":{"background-color":"var(--ast-global-color-4)","background-image":"","background-repeat":"repeat","background-position":"center center","background-size":"auto","background-attachment":"scroll","background-type":"","background-media":"","overlay-type":"","overlay-color":"","overlay-opacity":"","overlay-gradient":""},"tablet":{"background-color":"","background-image":"","background-repeat":"repeat","background-position":"center center","background-size":"auto","background-attachment":"scroll","background-type":"","background-media":"","overlay-type":"","overlay-color":"","overlay-opacity":"","overlay-gradient":""},"mobile":{"background-color":"","background-image":"","background-repeat":"repeat","background-position":"center center","background-size":"auto","background-attachment":"scroll","background-type":"","background-media":"","overlay-type":"","overlay-color":"","overlay-opacity":"","overlay-gradient":""}},"ast-content-background-meta":{"desktop":{"background-color":"var(--ast-global-color-5)","background-image":"","background-repeat":"repeat","background-position":"center center","background-size":"auto","background-attachment":"scroll","background-type":"","background-media":"","overlay-type":"","overlay-color":"","overlay-opacity":"","overlay-gradient":""},"tablet":{"background-color":"var(--ast-global-color-5)","background-image":"","background-repeat":"repeat","background-position":"center center","background-size":"auto","background-attachment":"scroll","background-type":"","background-media":"","overlay-type":"","overlay-color":"","overlay-opacity":"","overlay-gradient":""},"mobile":{"background-color":"var(--ast-global-color-5)","background-image":"","background-repeat":"repeat","background-position":"center center","background-size":"auto","background-attachment":"scroll","background-type":"","background-media":"","overlay-type":"","overlay-color":"","overlay-opacity":"","overlay-gradient":""}},"footnotes":""},"class_list":["post-1580","page","type-page","status-publish","hentry"],"uagb_featured_image_src":{"full":false,"thumbnail":false,"medium":false,"medium_large":false,"large":false,"1536x1536":false,"2048x2048":false,"trp-custom-language-flag":false},"uagb_author_info":{"display_name":"Beat Bachmann","author_link":"https:\/\/energieberatung-seeland.ch\/de_de\/author\/lehnherre\/"},"uagb_comment_info":0,"uagb_excerpt":"Mit der Veranstaltungsreihe Energie- und Klima-Talks (EKT) sucht das Amt f\u00fcr Umwelt und Energie den direkten Kontakt zu den Gemeinden und der Bev\u00f6lkerung. Die Themenpallette hat sich seit Beginn der EKTs zunehmend ge\u00f6ffnet und bietet viel Wissenswertes in den Bereichen Energiewende und Klimaneutralit\u00e4t. Die Informationen sollen alle unterst\u00fctzen, von Wohneigent\u00fcmerin und -eigent\u00fcmer, bis zu Touristinnen&hellip;","_links":{"self":[{"href":"https:\/\/energieberatung-seeland.ch\/de_de\/wp-json\/wp\/v2\/pages\/1580","targetHints":{"allow":["GET"]}}],"collection":[{"href":"https:\/\/energieberatung-seeland.ch\/de_de\/wp-json\/wp\/v2\/pages"}],"about":[{"href":"https:\/\/energieberatung-seeland.ch\/de_de\/wp-json\/wp\/v2\/types\/page"}],"author":[{"embeddable":true,"href":"https:\/\/energieberatung-seeland.ch\/de_de\/wp-json\/wp\/v2\/users\/2"}],"replies":[{"embeddable":true,"href":"https:\/\/energieberatung-seeland.ch\/de_de\/wp-json\/wp\/v2\/comments?post=1580"}],"version-history":[{"count":3,"href":"https:\/\/energieberatung-seeland.ch\/de_de\/wp-json\/wp\/v2\/pages\/1580\/revisions"}],"predecessor-version":[{"id":1597,"href":"https:\/\/energieberatung-seeland.ch\/de_de\/wp-json\/wp\/v2\/pages\/1580\/revisions\/1597"}],"wp:attachment":[{"href":"https:\/\/energieberatung-seeland.ch\/de_de\/wp-json\/wp\/v2\/media?parent=1580"}],"curies":[{"name":"wp","href":"https:\/\/api.w.org\/{rel}","templated":true}]}}

<p><strong>Mit der Veranstaltungsreihe Energie- und Klima-Talks (EKT) sucht das Amt für Umwelt und Energie den direkten Kontakt zu den Gemeinden und der Bevölkerung.</strong></p>



<p>Die Themenpallette hat sich seit Beginn der EKTs zunehmend geöffnet und bietet viel Wissenswertes in den Bereichen Energiewende und Klimaneutralität. Die Informationen sollen alle unterstützen, von Wohneigentümerin und -eigentümer, bis zu Touristinnen und Touristen.</p>



<p>«Die Möglichkeiten und Technologien sind da. Wichtig ist, dass wir das Wissen verbreiten und gemeinsam anwenden und nutzen», sagt Ulrich Nyffenegger, Vorsteher des Amts für Umwelt und Energie (AUE). </p>



<p>Die Veranstaltungsreihe findet jeweils in unterschiedlichen Gemeinden des Kantons statt &#8211; unter anderem in den Seeländer Gemeinden. Wann und wo welche Veranstaltung stattfindet, sehen Sie <a href="https://www.weu.be.ch/de/start/themen/energie/energie-klima-talk.html" target="_blank" rel="noreferrer noopener">hier</a>. </p>



<p>Die kostenlosen Veranstaltungen können jeweils vor Ort als auch online besucht werden. Die Aufzeichnungen der Vorträge und die Präsentationen selbst werden im Nachgang online zur Verfügung gestellt &#8211; diese finden Sie <a href="https://www.weu.be.ch/de/start/themen/energie/energie-klima-talk/energie-klima-talk-2024.html" target="_blank" rel="noreferrer noopener">hier</a>. </p>



<div class="wp-block-uagb-image uagb-block-7a16bac7 wp-block-uagb-image--layout-default wp-block-uagb-image--effect-static wp-block-uagb-image--align-none"><figure class="wp-block-uagb-image__figure"><img loading="lazy" decoding="async" srcset="https://energieberatung-seeland.ch/wp-content/uploads/2025/03/aue-ekt-Banner_2023.avif ,https://energieberatung-seeland.ch/wp-content/uploads/2025/03/aue-ekt-Banner_2023.avif 780w, https://energieberatung-seeland.ch/wp-content/uploads/2025/03/aue-ekt-Banner_2023.avif 360w" sizes="auto, (max-width: 480px) 150px" src="https://energieberatung-seeland.ch/wp-content/uploads/2025/03/aue-ekt-Banner_2023.avif" alt="" class="uag-image-1582" width="927" height="439" title="aue-ekt-Banner_2023" loading="lazy" role="img"/></figure></div>



<p></p>

<p>Mit der Veranstaltungsreihe Energie- und Klima-Talks (EKT) sucht das Amt für Umwelt und Energie den direkten Kontakt zu den Gemeinden und der Bevölkerung. Die Themenpallette hat sich seit Beginn der EKTs zunehmend geöffnet und bietet viel Wissenswertes in den Bereichen Energiewende und Klimaneutralität. Die Informationen sollen alle unterstützen, von Wohneigentümerin und -eigentümer, bis zu Touristinnen [&hellip;]</p>

Mit der Veranstaltungsreihe Energie- und Klima-Talks (EKT) sucht das Amt für Umwelt und Energie den direkten Kontakt zu den Gemeinden und der Bevölkerung. Die Themenpallette hat sich seit Beginn der EKTs zunehmend geöffnet und bietet viel Wissenswertes in den Bereichen Energiewende und Klimaneutralität. Die Informationen sollen alle unterstützen, von Wohneigentümerin und -eigentümer, bis zu Touristinnen&hellip;
